{"id":103,"date":"2011-09-02T09:12:33","date_gmt":"2011-09-02T07:12:33","guid":{"rendered":"http:\/\/doelitzer-wassermuehle.de\/?page_id=103"},"modified":"2023-05-02T10:37:40","modified_gmt":"2023-05-02T08:37:40","slug":"muhlenhof","status":"publish","type":"page","link":"https:\/\/doelitzer-wassermuehle.de\/?page_id=103","title":{"rendered":"M\u00fchlenhof"},"content":{"rendered":"\n<p>Der charmante, historische M\u00fchlenhof ist \u00fcber vierhundert Jahre alt. Das M\u00fchlenhauptgeb\u00e4ude und das angrenzende Oberm\u00fcllerhaus sind noch original nach ihrem Aufbau im Jahre 1814 erhalten. Auf der s\u00fcdlichen und \u00f6stlichen Hofseite befanden sich Wirtschaftsr\u00e4ume und Stallungen. Durch die Umsetzung von zwei Fachwerkh\u00e4usern aus dem Leipziger S\u00fcdraum an diese Stellen konnte die Hofanlage im historischen Stil wieder errichtet werden. Die Geb\u00e4ude wurden denkmalgerecht und \u00f6kologisch saniert. Nach ihrem Herkunftsort nenen wir diese Geb\u00e4ude &#8222;Breunsdorfhaus&#8220; und &#8222;Dahlitzschhaus&#8220;. Die Rekonstruktion des M\u00fchlenhauptgeb\u00e4udes ist das gr\u00f6\u00dfte und anspruchsvollste Vorhaben. In den vergangenen 5 Jahren widmeten wir uns der Sanierung des sogenannten &#8222;Vollhardthauses&#8220;, das nun eine kleine Galerie beherbergt.<\/p>\n\n\n\n<p>Auf unserem Gel\u00e4nde gibt es&nbsp;einen Lehmbackofen,&nbsp; der&nbsp;bei unseren Hoffesten&nbsp;und zu Backveranstaltungen f\u00fcr Kinder genutzt wird.<\/p>\n\n\n\n<figure class=\"wp-block-image size-large is-resized\"><img loading=\"lazy\" decoding=\"async\" src=\"https:\/\/doelitzer-wassermuehle.de\/wp-content\/uploads\/2023\/05\/grafik-600x450.png\" alt=\"\" class=\"wp-image-4662\" width=\"279\" height=\"209\" srcset=\"https:\/\/doelitzer-wassermuehle.de\/wp-content\/uploads\/2023\/05\/grafik-600x450.png 600w, https:\/\/doelitzer-wassermuehle.de\/wp-content\/uploads\/2023\/05\/grafik-300x225.png 300w, https:\/\/doelitzer-wassermuehle.de\/wp-content\/uploads\/2023\/05\/grafik-180x135.png 180w, https:\/\/doelitzer-wassermuehle.de\/wp-content\/uploads\/2023\/05\/grafik-768x576.png 768w, https:\/\/doelitzer-wassermuehle.de\/wp-content\/uploads\/2023\/05\/grafik-1536x1152.png 1536w, https:\/\/doelitzer-wassermuehle.de\/wp-content\/uploads\/2023\/05\/grafik-2048x1536.png 2048w\" sizes=\"auto, (max-width: 279px) 100vw, 279px\" \/><\/figure>\n\n\n\n<figure class=\"wp-block-image size-large is-resized\"><img loading=\"lazy\" decoding=\"async\" src=\"https:\/\/doelitzer-wassermuehle.de\/wp-content\/uploads\/2022\/05\/P1010038-600x450.jpg\" alt=\"\" class=\"wp-image-4063\" width=\"279\" height=\"210\" srcset=\"https:\/\/doelitzer-wassermuehle.de\/wp-content\/uploads\/2022\/05\/P1010038-600x450.jpg 600w, https:\/\/doelitzer-wassermuehle.de\/wp-content\/uploads\/2022\/05\/P1010038-300x225.jpg 300w, https:\/\/doelitzer-wassermuehle.de\/wp-content\/uploads\/2022\/05\/P1010038-180x135.jpg 180w, https:\/\/doelitzer-wassermuehle.de\/wp-content\/uploads\/2022\/05\/P1010038-768x576.jpg 768w, https:\/\/doelitzer-wassermuehle.de\/wp-content\/uploads\/2022\/05\/P1010038-1536x1152.jpg 1536w, https:\/\/doelitzer-wassermuehle.de\/wp-content\/uploads\/2022\/05\/P1010038-2048x1536.jpg 2048w\" sizes=\"auto, (max-width: 279px) 100vw, 279px\" \/><\/figure>\n\n\n\n<figure class=\"wp-block-image size-large is-resized\"><img loading=\"lazy\" decoding=\"async\" src=\"https:\/\/doelitzer-wassermuehle.de\/wp-content\/uploads\/2020\/09\/IMG_1419-600x450.jpg\" alt=\"\" class=\"wp-image-2906\" width=\"278\" height=\"209\" srcset=\"https:\/\/doelitzer-wassermuehle.de\/wp-content\/uploads\/2020\/09\/IMG_1419-600x450.jpg 600w, https:\/\/doelitzer-wassermuehle.de\/wp-content\/uploads\/2020\/09\/IMG_1419-300x225.jpg 300w, https:\/\/doelitzer-wassermuehle.de\/wp-content\/uploads\/2020\/09\/IMG_1419-180x135.jpg 180w, https:\/\/doelitzer-wassermuehle.de\/wp-content\/uploads\/2020\/09\/IMG_1419-768x576.jpg 768w, https:\/\/doelitzer-wassermuehle.de\/wp-content\/uploads\/2020\/09\/IMG_1419-1536x1152.jpg 1536w, https:\/\/doelitzer-wassermuehle.de\/wp-content\/uploads\/2020\/09\/IMG_1419-2048x1536.jpg 2048w\" sizes=\"auto, (max-width: 278px) 100vw, 278px\" \/><\/figure>\n","protected":false},"excerpt":{"rendered":"<p>Der charmante, historische M\u00fchlenhof ist \u00fcber vierhundert Jahre alt. Das M\u00fchlenhauptgeb\u00e4ude und das angrenzende Oberm\u00fcllerhaus sind noch original nach ihrem Aufbau im Jahre 1814 erhalten. Auf der s\u00fcdlichen und \u00f6stlichen Hofseite befanden sich Wirtschaftsr\u00e4ume und Stallungen. Durch die Umsetzung von &hellip; <a href=\"https:\/\/doelitzer-wassermuehle.de\/?page_id=103\">Weiterlesen <span class=\"meta-nav\">&rarr;<\/span><\/a><\/p>\n","protected":false},"author":1,"featured_media":2893,"parent":0,"menu_order":2,"comment_status":"closed","ping_status":"closed","template":"","meta":{"ngg_post_thumbnail":0,"footnotes":""},"class_list":["post-103","page","type-page","status-publish","has-post-thumbnail","hentry"],"aioseo_notices":[],"_links":{"self":[{"href":"https:\/\/doelitzer-wassermuehle.de\/index.php?rest_route=\/wp\/v2\/pages\/103","targetHints":{"allow":["GET"]}}],"collection":[{"href":"https:\/\/doelitzer-wassermuehle.de\/index.php?rest_route=\/wp\/v2\/pages"}],"about":[{"href":"https:\/\/doelitzer-wassermuehle.de\/index.php?rest_route=\/wp\/v2\/types\/page"}],"author":[{"embeddable":true,"href":"https:\/\/doelitzer-wassermuehle.de\/index.php?rest_route=\/wp\/v2\/users\/1"}],"replies":[{"embeddable":true,"href":"https:\/\/doelitzer-wassermuehle.de\/index.php?rest_route=%2Fwp%2Fv2%2Fcomments&post=103"}],"version-history":[{"count":32,"href":"https:\/\/doelitzer-wassermuehle.de\/index.php?rest_route=\/wp\/v2\/pages\/103\/revisions"}],"predecessor-version":[{"id":4670,"href":"https:\/\/doelitzer-wassermuehle.de\/index.php?rest_route=\/wp\/v2\/pages\/103\/revisions\/4670"}],"wp:featuredmedia":[{"embeddable":true,"href":"https:\/\/doelitzer-wassermuehle.de\/index.php?rest_route=\/wp\/v2\/media\/2893"}],"wp:attachment":[{"href":"https:\/\/doelitzer-wassermuehle.de\/index.php?rest_route=%2Fwp%2Fv2%2Fmedia&parent=103"}],"curies":[{"name":"wp","href":"https:\/\/api.w.org\/{rel}","templated":true}]}}