{"id":220,"date":"2011-09-10T12:47:16","date_gmt":"2011-09-10T10:47:16","guid":{"rendered":"http:\/\/doelitzer-wassermuehle.de\/?page_id=220"},"modified":"2020-09-29T15:18:40","modified_gmt":"2020-09-29T13:18:40","slug":"dalitzschhaus-2","status":"publish","type":"page","link":"https:\/\/doelitzer-wassermuehle.de\/?page_id=220","title":{"rendered":"Dahlitzschhaus"},"content":{"rendered":"<p style=\"text-align: justify;\"><a href=\"https:\/\/doelitzer-wassermuehle.de\/wp-content\/uploads\/2011\/10\/Dahlitzschhaus.jpg\"><img loading=\"lazy\" decoding=\"async\" class=\"alignleft size-thumbnail wp-image-700\" title=\"Dahlitzschhaus\" src=\"https:\/\/doelitzer-wassermuehle.de\/wp-content\/uploads\/2011\/10\/Dahlitzschhaus-180x135.jpg\" alt=\"\" width=\"180\" height=\"135\" srcset=\"https:\/\/doelitzer-wassermuehle.de\/wp-content\/uploads\/2011\/10\/Dahlitzschhaus-180x135.jpg 180w, https:\/\/doelitzer-wassermuehle.de\/wp-content\/uploads\/2011\/10\/Dahlitzschhaus-300x225.jpg 300w, https:\/\/doelitzer-wassermuehle.de\/wp-content\/uploads\/2011\/10\/Dahlitzschhaus-600x450.jpg 600w, https:\/\/doelitzer-wassermuehle.de\/wp-content\/uploads\/2011\/10\/Dahlitzschhaus.jpg 1025w\" sizes=\"auto, (max-width: 180px) 100vw, 180px\" \/><\/a><\/p>\n<p style=\"text-align: justify;\">1999 wurde die Fachwerkkonstruktion des so genannten \u201eDahlitzschhauses\u201c einer Familie aus Dahlitzsch abgekauft. Dahlitzsch ist ein Dorf bei Espenhain im Leipziger S\u00fcdraum. Im Jahr 2003 begann der Wiederaufbau des Geb\u00e4udes auf&nbsp;unserem M\u00fchlengel\u00e4nde. Das Geb\u00e4ude wurde Anfang 2004 fertig gestellt und begrenzt den M\u00fchlenhof Richtung Osten.<\/p>\n","protected":false},"excerpt":{"rendered":"<p>1999 wurde die Fachwerkkonstruktion des so genannten \u201eDahlitzschhauses\u201c einer Familie aus Dahlitzsch abgekauft. Dahlitzsch ist ein Dorf bei Espenhain im Leipziger S\u00fcdraum. Im Jahr 2003 begann der Wiederaufbau des Geb\u00e4udes auf&nbsp;unserem M\u00fchlengel\u00e4nde. Das Geb\u00e4ude wurde Anfang 2004 fertig gestellt und &hellip; <a href=\"https:\/\/doelitzer-wassermuehle.de\/?page_id=220\">Weiterlesen <span class=\"meta-nav\">&rarr;<\/span><\/a><\/p>\n","protected":false},"author":1,"featured_media":2945,"parent":103,"menu_order":15,"comment_status":"closed","ping_status":"closed","template":"","meta":{"ngg_post_thumbnail":0,"footnotes":""},"class_list":["post-220","page","type-page","status-publish","has-post-thumbnail","hentry"],"aioseo_notices":[],"_links":{"self":[{"href":"https:\/\/doelitzer-wassermuehle.de\/index.php?rest_route=\/wp\/v2\/pages\/220","targetHints":{"allow":["GET"]}}],"collection":[{"href":"https:\/\/doelitzer-wassermuehle.de\/index.php?rest_route=\/wp\/v2\/pages"}],"about":[{"href":"https:\/\/doelitzer-wassermuehle.de\/index.php?rest_route=\/wp\/v2\/types\/page"}],"author":[{"embeddable":true,"href":"https:\/\/doelitzer-wassermuehle.de\/index.php?rest_route=\/wp\/v2\/users\/1"}],"replies":[{"embeddable":true,"href":"https:\/\/doelitzer-wassermuehle.de\/index.php?rest_route=%2Fwp%2Fv2%2Fcomments&post=220"}],"version-history":[{"count":7,"href":"https:\/\/doelitzer-wassermuehle.de\/index.php?rest_route=\/wp\/v2\/pages\/220\/revisions"}],"predecessor-version":[{"id":2910,"href":"https:\/\/doelitzer-wassermuehle.de\/index.php?rest_route=\/wp\/v2\/pages\/220\/revisions\/2910"}],"up":[{"embeddable":true,"href":"https:\/\/doelitzer-wassermuehle.de\/index.php?rest_route=\/wp\/v2\/pages\/103"}],"wp:featuredmedia":[{"embeddable":true,"href":"https:\/\/doelitzer-wassermuehle.de\/index.php?rest_route=\/wp\/v2\/media\/2945"}],"wp:attachment":[{"href":"https:\/\/doelitzer-wassermuehle.de\/index.php?rest_route=%2Fwp%2Fv2%2Fmedia&parent=220"}],"curies":[{"name":"wp","href":"https:\/\/api.w.org\/{rel}","templated":true}]}}