{"id":233,"date":"2011-09-10T12:50:07","date_gmt":"2011-09-10T10:50:07","guid":{"rendered":"http:\/\/doelitzer-wassermuehle.de\/?page_id=233"},"modified":"2020-09-30T12:15:46","modified_gmt":"2020-09-30T10:15:46","slug":"erdwarmeheizung","status":"publish","type":"page","link":"https:\/\/doelitzer-wassermuehle.de\/?page_id=233","title":{"rendered":"Erdw\u00e4rmeheizung"},"content":{"rendered":"<p style=\"text-align: justify;\">Im Breunsdorfhaus arbeiten drei parallel geschaltete W\u00e4rmepumpen mit einer Leistungsaufnahme von 8,5 KW und einer Leistungsabgabe von 44,8 KW, die zwei H\u00e4user mit ca. 800 m\u00b2 Wohnfl\u00e4che beheizen und mit Warmwasser versorgen. Der Erdreichkollektor ist auf dem Gel\u00e4nde der Pferdekoppel verlegt, er umfasst ca. 1.800 m\u00b2&nbsp; mit einem 2.100 m verlegten Rohrschlangensystem.<\/p>\n<p style=\"text-align: justify;\">Eine W\u00e4rmepumpe ist wegen der Nutzung der in der Umgebung zwischengespeicherten Sonnenenergie (im Erdreich, im Grundwasser, in der Umgebungsluft) eine der effektivsten technischen L\u00f6sungen zur Energieeinsparung und Umweltentlastung. Unabh\u00e4ngig von der Tages- oder Jahreszeit kann eine W\u00e4rmepumpe ein Geb\u00e4ude vollst\u00e4ndig beheizen und warmes Wasser erzeugen. Die W\u00e4rmepumpe arbeitet nach einem rein physikalischen Prinzip und das ist v\u00f6llig frei von Emissionen.<\/p>\n","protected":false},"excerpt":{"rendered":"<p>Im Breunsdorfhaus arbeiten drei parallel geschaltete W\u00e4rmepumpen mit einer Leistungsaufnahme von 8,5 KW und einer Leistungsabgabe von 44,8 KW, die zwei H\u00e4user mit ca. 800 m\u00b2 Wohnfl\u00e4che beheizen und mit Warmwasser versorgen. Der Erdreichkollektor ist auf dem Gel\u00e4nde der Pferdekoppel &hellip; <a href=\"https:\/\/doelitzer-wassermuehle.de\/?page_id=233\">Weiterlesen <span class=\"meta-nav\">&rarr;<\/span><\/a><\/p>\n","protected":false},"author":1,"featured_media":2879,"parent":107,"menu_order":21,"comment_status":"closed","ping_status":"closed","template":"","meta":{"ngg_post_thumbnail":0,"footnotes":""},"class_list":["post-233","page","type-page","status-publish","has-post-thumbnail","hentry"],"aioseo_notices":[],"_links":{"self":[{"href":"https:\/\/doelitzer-wassermuehle.de\/index.php?rest_route=\/wp\/v2\/pages\/233","targetHints":{"allow":["GET"]}}],"collection":[{"href":"https:\/\/doelitzer-wassermuehle.de\/index.php?rest_route=\/wp\/v2\/pages"}],"about":[{"href":"https:\/\/doelitzer-wassermuehle.de\/index.php?rest_route=\/wp\/v2\/types\/page"}],"author":[{"embeddable":true,"href":"https:\/\/doelitzer-wassermuehle.de\/index.php?rest_route=\/wp\/v2\/users\/1"}],"replies":[{"embeddable":true,"href":"https:\/\/doelitzer-wassermuehle.de\/index.php?rest_route=%2Fwp%2Fv2%2Fcomments&post=233"}],"version-history":[{"count":6,"href":"https:\/\/doelitzer-wassermuehle.de\/index.php?rest_route=\/wp\/v2\/pages\/233\/revisions"}],"predecessor-version":[{"id":2952,"href":"https:\/\/doelitzer-wassermuehle.de\/index.php?rest_route=\/wp\/v2\/pages\/233\/revisions\/2952"}],"up":[{"embeddable":true,"href":"https:\/\/doelitzer-wassermuehle.de\/index.php?rest_route=\/wp\/v2\/pages\/107"}],"wp:featuredmedia":[{"embeddable":true,"href":"https:\/\/doelitzer-wassermuehle.de\/index.php?rest_route=\/wp\/v2\/media\/2879"}],"wp:attachment":[{"href":"https:\/\/doelitzer-wassermuehle.de\/index.php?rest_route=%2Fwp%2Fv2%2Fmedia&parent=233"}],"curies":[{"name":"wp","href":"https:\/\/api.w.org\/{rel}","templated":true}]}}